{"id":296,"date":"2025-06-18T19:55:01","date_gmt":"2025-06-18T19:55:01","guid":{"rendered":"https:\/\/josebarradas.com\/terrasdosabugal\/?page_id=296"},"modified":"2025-06-18T20:22:59","modified_gmt":"2025-06-18T20:22:59","slug":"lancamento-do-livro","status":"publish","type":"page","link":"https:\/\/josebarradas.com\/terrasdosabugal\/lancamento-do-livro\/","title":{"rendered":"Lan\u00e7amento do Livro"},"content":{"rendered":"\n<p class=\"has-text-align-center\">O lan\u00e7amento do Livro &#8220;Terras do Sabugal &#8211; Patrim\u00f3nio&#8221; decorreu no Sal\u00e3o Nobre da C\u00e2mara Municipal do Sabugal no dia 15 de Setembro de 2017. A apresenta\u00e7\u00e3o foi feita por Ant\u00f3nio dos Santos Robalo, Presidente da C\u00e2mara Municipal do Sabugal, Jorge Torres, Antrop\u00f3logo da C\u00e2mara Municipal do Sabugal e Marcos Os\u00f3rio, Arque\u00f3logo da C\u00e2mara Municipal do Sabugal.<\/p>\n\n\n<div class=\"wp-block-image\">\n<figure class=\"aligncenter size-large\"><img loading=\"lazy\" decoding=\"async\" width=\"1024\" height=\"682\" src=\"https:\/\/josebarradas.com\/terrasdosabugal\/wp-content\/uploads\/2025\/06\/livro-1-1024x682.jpg\" alt=\"\" class=\"wp-image-297\" srcset=\"https:\/\/josebarradas.com\/terrasdosabugal\/wp-content\/uploads\/2025\/06\/livro-1-1024x682.jpg 1024w, https:\/\/josebarradas.com\/terrasdosabugal\/wp-content\/uploads\/2025\/06\/livro-1-300x200.jpg 300w, https:\/\/josebarradas.com\/terrasdosabugal\/wp-content\/uploads\/2025\/06\/livro-1-768x511.jpg 768w, https:\/\/josebarradas.com\/terrasdosabugal\/wp-content\/uploads\/2025\/06\/livro-1-1536x1022.jpg 1536w, https:\/\/josebarradas.com\/terrasdosabugal\/wp-content\/uploads\/2025\/06\/livro-1-2048x1363.jpg 2048w, https:\/\/josebarradas.com\/terrasdosabugal\/wp-content\/uploads\/2025\/06\/livro-1-750x500.jpg 750w\" sizes=\"auto, (max-width: 1024px) 100vw, 1024px\" \/><\/figure>\n<\/div>\n\n\n<p><\/p>\n\n\n<div class=\"wp-block-image\">\n<figure class=\"aligncenter size-large\"><img loading=\"lazy\" decoding=\"async\" width=\"1024\" height=\"658\" src=\"https:\/\/josebarradas.com\/terrasdosabugal\/wp-content\/uploads\/2025\/06\/cincoquinas-01-1024x658.jpg\" alt=\"\" class=\"wp-image-298\" srcset=\"https:\/\/josebarradas.com\/terrasdosabugal\/wp-content\/uploads\/2025\/06\/cincoquinas-01-1024x658.jpg 1024w, https:\/\/josebarradas.com\/terrasdosabugal\/wp-content\/uploads\/2025\/06\/cincoquinas-01-300x193.jpg 300w, https:\/\/josebarradas.com\/terrasdosabugal\/wp-content\/uploads\/2025\/06\/cincoquinas-01-768x493.jpg 768w, https:\/\/josebarradas.com\/terrasdosabugal\/wp-content\/uploads\/2025\/06\/cincoquinas-01.jpg 1161w\" sizes=\"auto, (max-width: 1024px) 100vw, 1024px\" \/><\/figure>\n<\/div>\n\n\n<p><\/p>\n\n\n\n<figure class=\"wp-block-image size-large\"><img loading=\"lazy\" decoding=\"async\" width=\"1024\" height=\"662\" src=\"https:\/\/josebarradas.com\/terrasdosabugal\/wp-content\/uploads\/2025\/06\/cincoquinas02-1024x662.jpg\" alt=\"\" class=\"wp-image-299\" srcset=\"https:\/\/josebarradas.com\/terrasdosabugal\/wp-content\/uploads\/2025\/06\/cincoquinas02-1024x662.jpg 1024w, https:\/\/josebarradas.com\/terrasdosabugal\/wp-content\/uploads\/2025\/06\/cincoquinas02-300x194.jpg 300w, https:\/\/josebarradas.com\/terrasdosabugal\/wp-content\/uploads\/2025\/06\/cincoquinas02-768x497.jpg 768w, https:\/\/josebarradas.com\/terrasdosabugal\/wp-content\/uploads\/2025\/06\/cincoquinas02.jpg 1169w\" sizes=\"auto, (max-width: 1024px) 100vw, 1024px\" \/><\/figure>\n\n\n<div class=\"wp-block-image\">\n<figure class=\"aligncenter size-large\"><img loading=\"lazy\" decoding=\"async\" width=\"1024\" height=\"682\" src=\"https:\/\/josebarradas.com\/terrasdosabugal\/wp-content\/uploads\/2025\/06\/livro-5-1024x682.jpg\" alt=\"\" class=\"wp-image-300\" srcset=\"https:\/\/josebarradas.com\/terrasdosabugal\/wp-content\/uploads\/2025\/06\/livro-5-1024x682.jpg 1024w, https:\/\/josebarradas.com\/terrasdosabugal\/wp-content\/uploads\/2025\/06\/livro-5-300x200.jpg 300w, https:\/\/josebarradas.com\/terrasdosabugal\/wp-content\/uploads\/2025\/06\/livro-5-768x511.jpg 768w, https:\/\/josebarradas.com\/terrasdosabugal\/wp-content\/uploads\/2025\/06\/livro-5-1536x1022.jpg 1536w, https:\/\/josebarradas.com\/terrasdosabugal\/wp-content\/uploads\/2025\/06\/livro-5-2048x1363.jpg 2048w, https:\/\/josebarradas.com\/terrasdosabugal\/wp-content\/uploads\/2025\/06\/livro-5-750x500.jpg 750w\" sizes=\"auto, (max-width: 1024px) 100vw, 1024px\" \/><\/figure>\n<\/div>\n\n\n<p><\/p>\n\n\n<div class=\"wp-block-image\">\n<figure class=\"aligncenter size-large\"><img loading=\"lazy\" decoding=\"async\" width=\"1024\" height=\"682\" src=\"https:\/\/josebarradas.com\/terrasdosabugal\/wp-content\/uploads\/2025\/06\/livro-2-1024x682.jpg\" alt=\"\" class=\"wp-image-301\" srcset=\"https:\/\/josebarradas.com\/terrasdosabugal\/wp-content\/uploads\/2025\/06\/livro-2-1024x682.jpg 1024w, https:\/\/josebarradas.com\/terrasdosabugal\/wp-content\/uploads\/2025\/06\/livro-2-300x200.jpg 300w, https:\/\/josebarradas.com\/terrasdosabugal\/wp-content\/uploads\/2025\/06\/livro-2-768x511.jpg 768w, https:\/\/josebarradas.com\/terrasdosabugal\/wp-content\/uploads\/2025\/06\/livro-2-1536x1023.jpg 1536w, https:\/\/josebarradas.com\/terrasdosabugal\/wp-content\/uploads\/2025\/06\/livro-2-2048x1364.jpg 2048w, https:\/\/josebarradas.com\/terrasdosabugal\/wp-content\/uploads\/2025\/06\/livro-2-750x500.jpg 750w\" sizes=\"auto, (max-width: 1024px) 100vw, 1024px\" \/><\/figure>\n<\/div>\n\n\n<p><\/p>\n\n\n<div class=\"wp-block-image\">\n<figure class=\"aligncenter size-large\"><img loading=\"lazy\" decoding=\"async\" width=\"1024\" height=\"682\" src=\"https:\/\/josebarradas.com\/terrasdosabugal\/wp-content\/uploads\/2025\/06\/livro-8-1024x682.jpg\" alt=\"\" class=\"wp-image-302\" srcset=\"https:\/\/josebarradas.com\/terrasdosabugal\/wp-content\/uploads\/2025\/06\/livro-8-1024x682.jpg 1024w, https:\/\/josebarradas.com\/terrasdosabugal\/wp-content\/uploads\/2025\/06\/livro-8-300x200.jpg 300w, https:\/\/josebarradas.com\/terrasdosabugal\/wp-content\/uploads\/2025\/06\/livro-8-768x511.jpg 768w, https:\/\/josebarradas.com\/terrasdosabugal\/wp-content\/uploads\/2025\/06\/livro-8-1536x1023.jpg 1536w, https:\/\/josebarradas.com\/terrasdosabugal\/wp-content\/uploads\/2025\/06\/livro-8-2048x1364.jpg 2048w, https:\/\/josebarradas.com\/terrasdosabugal\/wp-content\/uploads\/2025\/06\/livro-8-750x500.jpg 750w\" sizes=\"auto, (max-width: 1024px) 100vw, 1024px\" \/><\/figure>\n<\/div>\n\n<div class=\"wp-block-image\">\n<figure class=\"aligncenter size-large\"><img loading=\"lazy\" decoding=\"async\" width=\"1024\" height=\"714\" src=\"https:\/\/josebarradas.com\/terrasdosabugal\/wp-content\/uploads\/2025\/06\/cincoquinas07-1024x714.jpg\" alt=\"\" class=\"wp-image-303\" srcset=\"https:\/\/josebarradas.com\/terrasdosabugal\/wp-content\/uploads\/2025\/06\/cincoquinas07-1024x714.jpg 1024w, https:\/\/josebarradas.com\/terrasdosabugal\/wp-content\/uploads\/2025\/06\/cincoquinas07-300x209.jpg 300w, https:\/\/josebarradas.com\/terrasdosabugal\/wp-content\/uploads\/2025\/06\/cincoquinas07-768x535.jpg 768w, https:\/\/josebarradas.com\/terrasdosabugal\/wp-content\/uploads\/2025\/06\/cincoquinas07.jpg 1119w\" sizes=\"auto, (max-width: 1024px) 100vw, 1024px\" \/><\/figure>\n<\/div>\n\n<div class=\"wp-block-image\">\n<figure class=\"aligncenter size-large\"><img loading=\"lazy\" decoding=\"async\" width=\"1024\" height=\"738\" src=\"https:\/\/josebarradas.com\/terrasdosabugal\/wp-content\/uploads\/2025\/06\/cincoquinas09-1024x738.jpg\" alt=\"\" class=\"wp-image-304\" srcset=\"https:\/\/josebarradas.com\/terrasdosabugal\/wp-content\/uploads\/2025\/06\/cincoquinas09-1024x738.jpg 1024w, https:\/\/josebarradas.com\/terrasdosabugal\/wp-content\/uploads\/2025\/06\/cincoquinas09-300x216.jpg 300w, https:\/\/josebarradas.com\/terrasdosabugal\/wp-content\/uploads\/2025\/06\/cincoquinas09-768x554.jpg 768w, https:\/\/josebarradas.com\/terrasdosabugal\/wp-content\/uploads\/2025\/06\/cincoquinas09.jpg 1086w\" sizes=\"auto, (max-width: 1024px) 100vw, 1024px\" \/><\/figure>\n<\/div>","protected":false},"excerpt":{"rendered":"<p>O lan\u00e7amento do Livro &#8220;Terras do Sabugal &#8211; Patrim\u00f3nio&#8221; decorreu no Sal\u00e3o Nobre da C\u00e2mara Municipal do Sabugal no dia 15 de Setembro de 2017. A apresenta\u00e7\u00e3o foi feita por Ant\u00f3nio dos Santos Robalo, Presidente da C\u00e2mara Municipal do Sabugal, Jorge Torres, Antrop\u00f3logo da C\u00e2mara &hellip; <\/p>\n","protected":false},"author":1,"featured_media":0,"parent":0,"menu_order":0,"comment_status":"closed","ping_status":"closed","template":"","meta":{"footnotes":""},"class_list":["post-296","page","type-page","status-publish","hentry"],"aioseo_notices":[],"_links":{"self":[{"href":"https:\/\/josebarradas.com\/terrasdosabugal\/wp-json\/wp\/v2\/pages\/296","targetHints":{"allow":["GET"]}}],"collection":[{"href":"https:\/\/josebarradas.com\/terrasdosabugal\/wp-json\/wp\/v2\/pages"}],"about":[{"href":"https:\/\/josebarradas.com\/terrasdosabugal\/wp-json\/wp\/v2\/types\/page"}],"author":[{"embeddable":true,"href":"https:\/\/josebarradas.com\/terrasdosabugal\/wp-json\/wp\/v2\/users\/1"}],"replies":[{"embeddable":true,"href":"https:\/\/josebarradas.com\/terrasdosabugal\/wp-json\/wp\/v2\/comments?post=296"}],"version-history":[{"count":7,"href":"https:\/\/josebarradas.com\/terrasdosabugal\/wp-json\/wp\/v2\/pages\/296\/revisions"}],"predecessor-version":[{"id":315,"href":"https:\/\/josebarradas.com\/terrasdosabugal\/wp-json\/wp\/v2\/pages\/296\/revisions\/315"}],"wp:attachment":[{"href":"https:\/\/josebarradas.com\/terrasdosabugal\/wp-json\/wp\/v2\/media?parent=296"}],"curies":[{"name":"wp","href":"https:\/\/api.w.org\/{rel}","templated":true}]}}

Lançamento do Livro

<p class="has-text-align-center">O lançamento do Livro &#8220;Terras do Sabugal &#8211; Património&#8221; decorreu no Salão Nobre da Câmara Municipal do Sabugal no dia 15 de Setembro de 2017. A apresentação foi feita por António dos Santos Robalo, Presidente da Câmara Municipal do Sabugal, Jorge Torres, Antropólogo da Câmara Municipal do Sabugal e Marcos Osório, Arqueólogo da Câmara Municipal do Sabugal.</p>


<div class="wp-block-image">
<figure class="aligncenter size-large"><img loading="lazy" decoding="async" width="1024" height="682" src="https://josebarradas.com/terrasdosabugal/wp-content/uploads/2025/06/livro-1-1024x682.jpg" alt="" class="wp-image-297" srcset="https://josebarradas.com/terrasdosabugal/wp-content/uploads/2025/06/livro-1-1024x682.jpg 1024w, https://josebarradas.com/terrasdosabugal/wp-content/uploads/2025/06/livro-1-300x200.jpg 300w, https://josebarradas.com/terrasdosabugal/wp-content/uploads/2025/06/livro-1-768x511.jpg 768w, https://josebarradas.com/terrasdosabugal/wp-content/uploads/2025/06/livro-1-1536x1022.jpg 1536w, https://josebarradas.com/terrasdosabugal/wp-content/uploads/2025/06/livro-1-2048x1363.jpg 2048w, https://josebarradas.com/terrasdosabugal/wp-content/uploads/2025/06/livro-1-750x500.jpg 750w" sizes="auto, (max-width: 1024px) 100vw, 1024px" /></figure>
</div>


<p></p>


<div class="wp-block-image">
<figure class="aligncenter size-large"><img loading="lazy" decoding="async" width="1024" height="658" src="https://josebarradas.com/terrasdosabugal/wp-content/uploads/2025/06/cincoquinas-01-1024x658.jpg" alt="" class="wp-image-298" srcset="https://josebarradas.com/terrasdosabugal/wp-content/uploads/2025/06/cincoquinas-01-1024x658.jpg 1024w, https://josebarradas.com/terrasdosabugal/wp-content/uploads/2025/06/cincoquinas-01-300x193.jpg 300w, https://josebarradas.com/terrasdosabugal/wp-content/uploads/2025/06/cincoquinas-01-768x493.jpg 768w, https://josebarradas.com/terrasdosabugal/wp-content/uploads/2025/06/cincoquinas-01.jpg 1161w" sizes="auto, (max-width: 1024px) 100vw, 1024px" /></figure>
</div>


<p></p>



<figure class="wp-block-image size-large"><img loading="lazy" decoding="async" width="1024" height="662" src="https://josebarradas.com/terrasdosabugal/wp-content/uploads/2025/06/cincoquinas02-1024x662.jpg" alt="" class="wp-image-299" srcset="https://josebarradas.com/terrasdosabugal/wp-content/uploads/2025/06/cincoquinas02-1024x662.jpg 1024w, https://josebarradas.com/terrasdosabugal/wp-content/uploads/2025/06/cincoquinas02-300x194.jpg 300w, https://josebarradas.com/terrasdosabugal/wp-content/uploads/2025/06/cincoquinas02-768x497.jpg 768w, https://josebarradas.com/terrasdosabugal/wp-content/uploads/2025/06/cincoquinas02.jpg 1169w" sizes="auto, (max-width: 1024px) 100vw, 1024px" /></figure>


<div class="wp-block-image">
<figure class="aligncenter size-large"><img loading="lazy" decoding="async" width="1024" height="682" src="https://josebarradas.com/terrasdosabugal/wp-content/uploads/2025/06/livro-5-1024x682.jpg" alt="" class="wp-image-300" srcset="https://josebarradas.com/terrasdosabugal/wp-content/uploads/2025/06/livro-5-1024x682.jpg 1024w, https://josebarradas.com/terrasdosabugal/wp-content/uploads/2025/06/livro-5-300x200.jpg 300w, https://josebarradas.com/terrasdosabugal/wp-content/uploads/2025/06/livro-5-768x511.jpg 768w, https://josebarradas.com/terrasdosabugal/wp-content/uploads/2025/06/livro-5-1536x1022.jpg 1536w, https://josebarradas.com/terrasdosabugal/wp-content/uploads/2025/06/livro-5-2048x1363.jpg 2048w, https://josebarradas.com/terrasdosabugal/wp-content/uploads/2025/06/livro-5-750x500.jpg 750w" sizes="auto, (max-width: 1024px) 100vw, 1024px" /></figure>
</div>


<p></p>


<div class="wp-block-image">
<figure class="aligncenter size-large"><img loading="lazy" decoding="async" width="1024" height="682" src="https://josebarradas.com/terrasdosabugal/wp-content/uploads/2025/06/livro-2-1024x682.jpg" alt="" class="wp-image-301" srcset="https://josebarradas.com/terrasdosabugal/wp-content/uploads/2025/06/livro-2-1024x682.jpg 1024w, https://josebarradas.com/terrasdosabugal/wp-content/uploads/2025/06/livro-2-300x200.jpg 300w, https://josebarradas.com/terrasdosabugal/wp-content/uploads/2025/06/livro-2-768x511.jpg 768w, https://josebarradas.com/terrasdosabugal/wp-content/uploads/2025/06/livro-2-1536x1023.jpg 1536w, https://josebarradas.com/terrasdosabugal/wp-content/uploads/2025/06/livro-2-2048x1364.jpg 2048w, https://josebarradas.com/terrasdosabugal/wp-content/uploads/2025/06/livro-2-750x500.jpg 750w" sizes="auto, (max-width: 1024px) 100vw, 1024px" /></figure>
</div>


<p></p>


<div class="wp-block-image">
<figure class="aligncenter size-large"><img loading="lazy" decoding="async" width="1024" height="682" src="https://josebarradas.com/terrasdosabugal/wp-content/uploads/2025/06/livro-8-1024x682.jpg" alt="" class="wp-image-302" srcset="https://josebarradas.com/terrasdosabugal/wp-content/uploads/2025/06/livro-8-1024x682.jpg 1024w, https://josebarradas.com/terrasdosabugal/wp-content/uploads/2025/06/livro-8-300x200.jpg 300w, https://josebarradas.com/terrasdosabugal/wp-content/uploads/2025/06/livro-8-768x511.jpg 768w, https://josebarradas.com/terrasdosabugal/wp-content/uploads/2025/06/livro-8-1536x1023.jpg 1536w, https://josebarradas.com/terrasdosabugal/wp-content/uploads/2025/06/livro-8-2048x1364.jpg 2048w, https://josebarradas.com/terrasdosabugal/wp-content/uploads/2025/06/livro-8-750x500.jpg 750w" sizes="auto, (max-width: 1024px) 100vw, 1024px" /></figure>
</div>

<div class="wp-block-image">
<figure class="aligncenter size-large"><img loading="lazy" decoding="async" width="1024" height="714" src="https://josebarradas.com/terrasdosabugal/wp-content/uploads/2025/06/cincoquinas07-1024x714.jpg" alt="" class="wp-image-303" srcset="https://josebarradas.com/terrasdosabugal/wp-content/uploads/2025/06/cincoquinas07-1024x714.jpg 1024w, https://josebarradas.com/terrasdosabugal/wp-content/uploads/2025/06/cincoquinas07-300x209.jpg 300w, https://josebarradas.com/terrasdosabugal/wp-content/uploads/2025/06/cincoquinas07-768x535.jpg 768w, https://josebarradas.com/terrasdosabugal/wp-content/uploads/2025/06/cincoquinas07.jpg 1119w" sizes="auto, (max-width: 1024px) 100vw, 1024px" /></figure>
</div>

<div class="wp-block-image">
<figure class="aligncenter size-large"><img loading="lazy" decoding="async" width="1024" height="738" src="https://josebarradas.com/terrasdosabugal/wp-content/uploads/2025/06/cincoquinas09-1024x738.jpg" alt="" class="wp-image-304" srcset="https://josebarradas.com/terrasdosabugal/wp-content/uploads/2025/06/cincoquinas09-1024x738.jpg 1024w, https://josebarradas.com/terrasdosabugal/wp-content/uploads/2025/06/cincoquinas09-300x216.jpg 300w, https://josebarradas.com/terrasdosabugal/wp-content/uploads/2025/06/cincoquinas09-768x554.jpg 768w, https://josebarradas.com/terrasdosabugal/wp-content/uploads/2025/06/cincoquinas09.jpg 1086w" sizes="auto, (max-width: 1024px) 100vw, 1024px" /></figure>
</div>

<p>O lançamento do Livro &#8220;Terras do Sabugal &#8211; Património&#8221; decorreu no Salão Nobre da Câmara Municipal do Sabugal no dia 15 de Setembro de 2017. A apresentação foi feita por António dos Santos Robalo, Presidente da Câmara Municipal do Sabugal, Jorge Torres, Antropólogo da Câmara &hellip; </p>
